 remainder when 142 is divided by 11.
10
What is the remainder when 578 is divided by 92?
26
What is the remainder when 5580 is divided by 464?
12
Calculate the remainder when 916 is divided by 5.
1
What is the remainder when 61 is divided by 18?
7
Calculate the remainder when 1155 is divided by 38.
15
What is the remainder when 248 is divided by 140?
108
Calculate the remainder when 644 is divided by 72.
68
What is the remainder when 525 is divided by 4?
1
Calculate the remainder when 2054 is divided by 8.
6
What is the remainder when 255 is divided by 173?
82
What is the remainder when 268 is divided by 234?
34
Calculate the remainder when 264 is divided by 85.
9
What is the remainder when 609 is divided by 122?
121
Calculate the remainder when 2432 is divided by 136.
120
What is the remainder when 8718 is divided by 61?
56
What is the remainder when 157 is divided by 62?
33
What is the remainder when 256 is divided by 43?
41
Calculate the remainder when 1429 is divided by 76.
61
What is the remainder when 1105 is divided by 353?
46
Calculate the remainder when 335 is divided by 48.
47
What is the remainder when 117 is divided by 10?
7
What is the remainder when 1234 is divided by 3?
1
Calculate the remainder when 112 is divided by 92.
20
Calculate the remainder when 15415 is divided by 159.
151
Calculate the remainder when 1410 is divided by 696.
18
What is the remainder when 28 is divided by 4?
0
What is the remainder when 78 is divided by 22?
12
What is the remainder when 367 is divided by 12?
7
What is the remainder when 30 is divided by 15?
0
Calculate the remainder when 3937 is divided by 22.
21
What is the remainder when 74 is divided by 44?
30
What is the remainder when 155 is divided by 41?
32
What is the remainder when 322 is divided by 303?
19
What is the remainder when 1234 is divided by 4?
2
What is the remainder when 266 is divided by 59?
30
Calculate the remainder when 33662 is divided by 128.
126
What is the remainder when 277 is divided by 74?
55
Calculate the remainder when 836 is divided by 94.
84
What is the remainder when 79 is divided by 60?
19
What is the remainder when 271 is divided by 264?
7
What is the remainder when 861 is divided by 26?
3
Calculate the remainder when 574 is divided by 16.
14
Calculate the remainder when 335 is divided by 75.
35
Calculate the remainder when 106 is divided by 28.
22
Calculate the remainder when 92 is divided by 26.
14
Calculate the remainder when 322 is divided by 57.
37
What is the remainder when 3102 is divided by 183?
174
What is the remainder when 5536 is divided by 78?
76
What is the remainder when 89 is divided by 36?
17
What is the remainder when 116 is divided by 33?
17
Calculate the remainder when 8666 is divided by 81.
80
Calculate the remainder when 413 is divided by 28.
21
Calculate the remainder when 43 is divided by 17.
9
What is the remainder when 740 is divided by 181?
16
What is the remainder when 200 is divided by 7?
4
Calculate the remainder when 194 is divided by 101.
93
Calculate the remainder when 985 is divided by 332.
321
Calculate the remainder when 581 is divided by 147.
140
Calculate the remainder when 109 is divided by 58.
51
What is the remainder when 29 is divided by 20?
9
What is the remainder when 969 is divided by 5?
4
What is the remainder when 13883 is divided by 106?
103
What is the remainder when 778 is divided by 13?
11
Calculate the remainder when 1542 is divided by 5.
2
Calculate the remainder when 137 is divided by 78.
59
What is the remainder when 139 is divided by 47?
45
What is the remainder when 82 is divided by 67?
15
What is the remainder when 890 is divided by 39?
32
What is the remainder when 274 is divided by 35?
29
What is the remainder when 1854 is divided by 16?
14
Calculate the remainder when 280 is divided by 95.
90
Calculate the remainder when 519 is divided by 126.
15
What is the remainder when 2344 is divided by 175?
69
Calculate the remainder when 471 is divided by 97.
83
Calculate the remainder when 358 is divided by 72.
70
Calculate the remainder when 2971 is divided by 1467.
37
Calculate the remainder when 594 is divided by 25.
19
Calculate the remainder when 321 is divided by 23.
22
Calculate the remainder when 175 is divided by 16.
15
Calculate the remainder when 238 is divided by 33.
7
What is the remainder when 2166 is divided by 91?
73
What is the remainder when 3238 is divided by 1614?
10
What is the remainder when 1945 is divided by 15?
10
Calculate the remainder when 103 is divided by 70.
33
What is the remainder when 1497 is divided by 30?
27
What is the remainder when 836 is divided by 91?
17
Calculate the remainder when 5242 is divided by 2.
0
What is the remainder when 1618 is divided by 13?
6
Calculate the remainder when 4939 is divided by 16.
11
Calculate the remainder when 591 is divided by 152.
135
Calculate the remainder when 251 is divided by 85.
81
Calculate the remainder when 300 is divided by 182.
118
Calculate the remainder when 1030 is divided by 116.
102
Calculate the remainder when 911 is divided by 14.
1
What is the remainder when 5411 is divided by 66?
65
Calculate the remainder when 453 is divided by 35.
33
Calculate the remainder when 308 is divided by 59.
13
Calculate the remainder when 31 is divided by 8.
7
Calculate the remainder when 397 is divided by 210.
187
What is the remainder when 388 is divided by 28?
24
What is the remainder when 8 is divided by 5?
3
Calculate the remainder when 270 is divided by 39.
36
Calculate the remainder when 2757 is divided by 549.
12
Calculate the remainder when 205 is divided by 61.
22
Calculate the remainder when 2159 is divided by 72.
71
What is the remainder when 5428 is divided by 28?
24
Calculate the remainder when 3111 is divided by 310.
11
Calculate the remainder when 367 is divided by 102.
61
Calculate the remainder when 102 is divided by 20.
2
What is the remainder when 398 is divided by 68?
58
What is the remainder when 65 is divided by 59?
6
Calculate the remainder when 162 is divided by 82.
80
Calculate the remainder when 607 is divided by 307.
300
What is the remainder when 1034 is divided by 19?
8
Calculate the remainder when 496 is divided by 43.
23
What is the remainder when 682 is divided by 76?
74
Calculate the remainder when 2682 is divided by 21.
15
What is the remainder when 84 is divided by 38?
8
Calculate the remainder when 2161 is divided by 359.
7
Calculate the remainder when 36 is divided by 24.
12
Calculate the remainder when 9868 is divided by 71.
70
Calculate the remainder when 56 is divided by 34.
22
What is the remainder when 2825 is divided by 101?
98
What is the remainder when 76 is divided by 3?
1
Calculate the remainder when 1267 is divided by 47.
45
Calculate the remainder when 31 is divided by 7.
3
Calculate the remainder when 5920 is divided by 31.
30
Calculate the remainder when 94 is divided by 66.
28
Calculate the remainder when 4041 is divided by 175.
16
What is the remainder when 203 is divided by 62?
17
Calculate the remainder when 287 is divided by 36.
35
Calculate the remainder when 780 is divided by 44.
32
What is the remainder when 583 is divided by 13?
11
Calculate the remainder when 3771 is divided by 34.
31
Calculate the remainder when 569 is divided by 75.
44
What is the remainder when 180 is divided by 23?
19
What is the remainder when 413 is divided by 206?
1
Calculate the remainder when 55 is divided by 51.
4
Calculate the remainder when 4392 is divided by 13.
11
What is the remainder when 863 is divided by 18?
17
Calculate the remainder when 264 is divided by 260.
4
Calculate the remainder when 307 is divided by 158.
149
What is the remainder when 985 is divided by 52?
49
Calculate the remainder when 704 is divided by 78.
2
What is the remainder when 311 is divided by 81?
68
Calculate the remainder when 6431 is divided by 65.
61
What is the remainder when 38 is divided by 32?
6
What is the remainder when 308 is divided by 72?
20
Calculate the remainder when 3955 is divided by 55.
50
Calculate the remainder when 4577 is divided by 14.
13
Calculate the remainder when 198 is divided by 80.
38
What is the remainder when 563 is divided by 277?
9
What is the remainder when 357 is divided by 20?
17
Wha